- 0). Let v(s) = -3*s**3 + s**2 + 2*s + 1. Let x(q) = q**3 - q**2 - q - 1. Let a(j) = f*x(j) - v(j). Give a(2).
14
Let j(p) be the first derivative of 12 + 1/2*p**2 + 5*p. Determine j(-6).
-1
Let f(i) = -i - 9. Let o be (-15 - (1 + -8)) + 0. Give f(o).
-1
Let u(j) = 4*j - 3. Suppose 9 = -g + 5. Let w(f) = 3*f - 2. Let r(a) = g*u(a) + 5*w(a). Determine r(8).
-6
Suppose u - 5 = 0, u - 14 = 2*c + 5. Let t(p) = 13*p**2 + 2*p + 5. Let s(q) = 19*q**2 + 3*q + 7. Let r(f) = c*t(f) + 5*s(f). What is r(-1)?
3
Let v(b) be the first derivative of -2*b**3/3 + 2*b**2 + 33. Calculate v(4).
-16
Let k(p) = -4*p**3 - 2*p - 8 - 12*p**2 - p**3 - 4*p - 2*p. Let d(z) = z**3 + z**2 + 1. Let v(b) = 4*d(b) + k(b). Give v(-7).
3
Let p(d) = -3*d + 499 - 2*d - 498 + 4*d. Let w be p(-3). Let x(l) = l**3 - 4*l**2 + 1. Give x(w).
1
Let h(o) = 2*o - 12. Let t = 6 - 2. Suppose t*i - 41 + 5 = 0. What is h(i)?
6
Let u(h) = 19 + 5*h + 22 - 55 + 29. Let k(s) = -11*s - 30. Let a(c) = -6*k(c) - 13*u(c). Calculate a(10).
-5
Let n = -1 - -6. Let c(l) = l**3 - 4*l**2 - 7*l + 7. Determine c(n).
-3
Let p(f) = -f + 11. Let b(s) be the third derivative of s**4/8 - 15*s**3/2 - 2*s**2. Let w(n) = -2*b(n) - 9*p(n). Let r be (-30)/(-8)*272/170. What is w(r)?
9
Let v(c) = c**3 - 3*c**2 - 5*c + 1. Let a(m) = -m**3 + 34*m**2 - 92*m - 26. Let r be a(31). What is v(r)?
26
Suppose 15 = 5*j, -3*v - 33 = 5*j - 60. Let f(q) be the third derivative of 5/6*q**3 - q**2 + 0 - 1/12*q**v + 0*q. Calculate f(6).
-7
Let m be ((-4)/6)/((-1)/9). Let w = -2 + m. Suppose w*z - 3*z - 3 = 0. Let k(g) = g + 1. Determine k(z).
4
Let h(p) be the third derivative of 0 - 2*p**2 + 1/12*p**4 - 1/30*p**5 - 2/3*p**3 - 1/120*p**6 + 0*p. What is h(-3)?
-1
Let m(p) be the third derivative of p**5/60 + 5*p**4/24 - 4*p**3/3 + 268*p**2 - 2. Let z be 2/(-2)*(1 + 6). What is m(z)?
6
Let u = 504 - 510. Let x(a) = a**3 + 4*a**2 - 13*a + 2. Calculate x(u).
8
Let i(p) = 6*p**2 - 14*p - 14. Let a(w) = w**2 - 3*w - 3. Let g(y) = 11*a(y) - 2*i(y). Let z be g(-5). Let h(d) = -d**2 - 4*d + 2. Determine h(z).
-3
Suppose 3*q + 14 = 4*k, 2*q + 3*k - 9 = 5*q. Let z(r) = 0*r**2 + 0 + r**q - 2. What is z(-3)?
7
Suppose -11*u = -48*u + 74. Let j(i) = -2*i**2 + 3*i - 4. Determine j(u).
-6
Suppose -2*z + 6 = -8*z. Let k be z + ((-4)/(-2) - 3)/(-1). Let j(d) be the second derivative of d**4/12 + d**3/6 + 2*d**2 + d. What is j(k)?
4
Let t = -2 + 4. Let k(n) = 2 + n + 3*n**2 - 6*n**2 + 4*n**t. Suppose -2*l + 2 = 2*i, 0 + 1 = -2*i - l. Give k(i).
4
Let w(s) = 2*s**3 + 24*s**2 + 24*s + 28. Let n(z) = z**3 + 12*z**2 + 12*z + 14. Let a(x) = -13*n(x) + 6*w(x). Let k be (-1)/((-3)/(66/(-2))). Determine a(k).
-3
Let x(t) = 2*t**2 - 13*t - 4. Let n(r) = 3*r**2 - 25*r - 6. Let l(j) = 3*n(j) - 5*x(j). Determine l(-9).
11
Let o = 876 - 868. Let l(r) = -r**2 + 9*r + 1. What is l(o)?
9
Let r(z) = -z + 44. Suppose 209 = 3*t + 5*q + 161, -2*t = 2*q - 36. Give r(t).
23
Suppose -67 = -13*w - 119. Let o(g) = 2*g**2 + 4*g - 7. Give o(w).
9
Let f(s) = -2*s**3 - 2*s**2. Let b = 770 + -768. Let d(y) = -y - 3*y**2 + 2*y**2 - y**3 + 4 - 5. Let c(z) = b*f(z) - 3*d(z). What is c(-2)?
1
Let g(j) = -2*j**3 - 4*j**2 + 8. Let d(w) = 5*w**3 + 9*w**2 - 16. Let h(z) = 3*d(z) + 7*g(z). What is h(0)?
8
Suppose 0 = -m + 4*m - 66. Suppose m - 92 = -2*w. Suppose -w = 3*g + 2*g. Let n(l) = l - 1. Give n(g).
-8
Let k = 25 - 55. Let z be k*((-5)/15 + 0). Let c(g) = g + z - 6 - 5. What is c(4)?
3
Let h(x) = 4*x + 3. Let w(n) = -n + 1. Let q(s) = 4. Let y(m) = q(m) - 2*w(m). Let k(v) = -3*h(v) + 5*y(v). Give k(6).
-11
Suppose -16 = -0*u - 4*u. Suppose 4*m - 2*f - f = -23, 0 = 2*m - u*f + 14. Let v(t) = t + 3. Give v(m).
-2
Let y(d) = 13*d**2 + 4*d - 14. Let z(h) = -15*h**2 - 5*h + 15. Let m(s) = -7*y(s) - 6*z(s). Determine m(-3).
-7
Let c(b) = -b**2 - 11*b - 6. Let v be c(-11). Let a be -1 - v - (3 - 0). Let d(w) = -2*w**2 + 2*w**2 + w**a - 4. What is d(-3)?
5
Let t(q) be the first derivative of -q**7/840 - q**6/90 - q**5/120 + q**4/6 - 2*q**3/3 + 31. Let i(w) be the third derivative of t(w). Determine i(-3).
-2
Let p(i) = 3*i + 26. Let b be p(-8). Let o(q) = 11 - 6*q - q**2 + b*q**2 - 2 - q. Determine o(6).
3
Let a(p) = p**2 - 11*p + 14. Let d be a(10). Let f(r) be the second derivative of 1/3*r**4 - 12*r - 1/20*r**5 + 5/2*r**2 - 1/6*r**3 + 0. Calculate f(d).
1
Suppose 0 = -o + 4*g + 68, -3*o - 189 = -6*o - 3*g. Let l(p) = -o + 0*p - p + 62. What is l(-10)?
8
Let u(b) = 11*b**2 + 7*b - 6. Let w(v) = 5*v**2 + 3*v - 3. Let o(j) = -6*u(j) + 13*w(j). Let d = -213 - -208. Give o(d).
-13
Let q(x) be the second derivative of -x**4/12 - x**3/6 - 4*x**2 - 29*x. Give q(0).
-8
Let q(k) be the third derivative of -k**5/15 + k**4/12 + 14*k**3/3 + 22*k**2. Let s(u) be the first derivative of q(u). Calculate s(3).
-22
Let o be (-6)/(-4) + (-3)/(-6). Let r(v) = -15 + 0*v**2 + 15 + 6*v**o. Let f = 0 - -1. Give r(f).
6
Suppose 0 - 3 = -y. Suppose 4*m + 0 + 2 = -2*n, -y = -4*m - n. Let x(d) = -2*d + 17*d**2 - 36*d**m + 17*d**2. Calculate x(2).
-12
Let u(l) = l**2 + l - 13. Let f = 1373 - 1373. Calculate u(f).
-13
Let x(v) = 11 + v**2 - 2*v**2 + 5*v**2 - 5*v**2 - v. Let m be x(0). Let l = m - 9. Let q(h) = 3*h - 1. Determine q(l).
5
Let m(d) be the third derivative of -d**6/120 + 2*d**5/15 + 3*d**4/8 + 4*d**3/3 + 132*d**2. What is m(9)?
8
Let h(z) = -z**3 - 13*z**2 + 14*z - 1. Let f be 20/150 - (-636)/(-45). Give h(f).
-1
Let q(s) = s - 1. Suppose o + 34 - 36 = 0. Let n(u) = -u + 1. Let c(h) = o*n(h) + q(h). Give c(3).
-2
Let r(p) = p**2 + p. Let u(s) = s - 1. Let b = 20 - 19. Let y(f) = b*r(f) - 2*u(f). Determine y(2).
4
Let h(i) = i**3 - 4*i**2 + 6*i - 4. Let y(z) = -z**3 + 20*z**2 - 6*z + 124. Let p be y(20). Calculate h(p).
20
Let v(u) = u**3 + 4*u**2 + 4*u + 2. Suppose 126 - 118 = -4*h. Determine v(h).
2
Suppose -279 = -4*c - 0*u + 3*u, 2*u - 205 = -3*c. Suppose -21 = 12*y - c. Let b(x) = -3*x + 5. Give b(y).
-7
Let m = 11 + 0. Suppose m*g - 60 = 6*g. Suppose q + 2*q + g = 0. Let d(i) = 2*i + 2. Determine d(q).
-6
Let j(u) be the first derivative of -u**4/4 + 7*u**3/3 - 3*u**2 + 8*u - 703. What is j(6)?
8
Let t(h) = -23*h**2 + 159*h + 13. Let u be t(7). Let n(s) = 9*s + 5. Calculate n(u).
-4
Let w(j) = -1 - 3*j**2 + 3*j - 3*j + 2*j**2. Let s(p) = -p - 1. Let g(v) = -s(v) - w(v). Let q = -31 - -34. What is g(q)?
14
Let i(l) be the first derivative of -l**4/4 - l**3 - l**2/2 - l + 2. Let t be (-1 + (-5)/(-2))*(-15 + 13). What is i(t)?
2
Let g(n) = -4*n - 1. Let i(a) be the first derivative of a**2/2 + 7*a - 7. Let k be 2*2/(-4)*5. Let w be i(k). Calculate g(w).
-9
Let o(h) be the first derivative of -1/2*h**2 - 57 - 7*h. Suppose -3*u - 18 + 3 = 0. What is o(u)?
-2
Let b(d) = d**2 + 6*d - 4. Let r be b(-7). Let w(o) = 3*o**2 + r*o + 5 - o**2 - 1 - 3*o**2. Let a(v) = v**2 + 4*v - 8. Let u be a(-6). Determine w(u).
0
Let y(m) = 3*m**2 - 1. Let x = -8 + 11. Let t = 15 - x. Let f be (-2)/(-1) - (-9 + t). What is y(f)?
2
Let s(d) = d**3 - 3*d**2 - d - 5. Let c = 46 - 16. Let y = 34 - c. What is s(y)?
7
Let n(d) = -d + 8. Suppose 3*v + 47 = -2*w, -5*w + 5*v - 66 = 64. Let t = w + 32. What is n(t)?
1
Let j be 3 + 7 + 0/(-1). Let r = -9 + j. Let y(h) = 3*h**2 - h + 1. Determine y(r).
3
Let q = -1 - -5. Suppose -q*m + 8 = -4*s, 0*m = -3*m - 15. Let k(o) = -o**2 - 7*o. Give k(s).
0
Let j = -5 + 10. Let u(w) = -w**2 + 7*w - 2. Let d(h) = -h**2 + 7*h - 3. Let m(k) = 3*d(k) - 2*u(k). Determine m(j).
5
Let o be ((-504)/15)/7*(-10)/(-4). Let u(x) = -x**2 - 12*x + 5. Calculate u(o).
5
Let k(a) = -a**3 - 6*a**2 + 8*a + 9. Let r be k(-7). Let o(b) = r*b + 0*b + b**3 - 2*b + 2 + 6*b**2. What is o(-6)?
2
Let c(q) = 30*q**3 - 7*q**2 - 59*q**3 + 28*q**3 - 6*q - 3. Suppose -5*n - 4*h + 5*h - 4 = 0, -2*h + 1 = -3*n. Let k = n + -5. Determine c(k).
-3
Suppose 0 = 4*w - 7*w. Let s(j) = -2*j**2 - j - 12. Let k(m) = m**2 + m + 12. Let h(y) = 3*k(y) + 2*s(y). Determine h(w).
12
Let l = 313/3 - 104. Let s(c) be the second derivative of -c**2 + 0 + l*c**3 - 1/12*c**4 - 8*c. What is s(2)?
-2
Let q(w) = -2*w**2 + 9*w - 11. Let z be q(4). Let l(d) = d**3 + 8*d**2 + 8*d + 8. Determine l(z).
1
Let s(d) = 2*d**2 - 8*d + 6. Let f(m) = -2*m + 1. Let q(u) = 5*f(u) - s(u). Let v = -1 + 3. Give q(v).
-13
Let q(g) = -14*g**3 - g**2. Suppose -3 = 2*n